rt -842 (base 10) to base 6.
-3522
Convert -16508 (base 10) to base 4.
-10001330
What is -110002 (base 4) in base 3?
-1202111
What is -1455 (base 13) in base 14?
-1103
What is -4147 (base 9) in base 14?
-1172
4032 (base 6) to base 16
374
What is -22230 (base 4) in base 2?
-1010101100
Convert -5215 (base 7) to base 5.
-24300
Convert -c23 (base 14) to base 4.
-211033
5030 (base 11) to base 10
6688
5809 (base 12) to base 13
45cc
-3020030 (base 4) to base 6
-135152
1212 (base 7) to base 4
13002
-4083 (base 9) to base 11
-227a
-1135 (base 14) to base 15
-d42
What is 68381 (base 9) in base 16?
b1ca
Convert 2840 (base 11) to base 2.
111001011010
30221 (base 4) to base 6
3425
What is -506c (base 13) in base 4?
-2231003
Convert -1341413 (base 5) to base 11.
-19922
-100000011000001 (base 2) to base 10
-16577
Convert 23 (base 4) to base 16.
b
Convert 111b (base 13) to base 7.
6653
Convert 1090 (base 11) to base 3.
1221222
23a5 (base 11) to base 6
22312
132520 (base 7) to base 10
24955
Convert 974 (base 16) to base 11.
1900
-12001 (base 8) to base 12
-2b69
What is -166d (base 15) in base 16?
-12dc
-4b97 (base 15) to base 12
-93b1
Convert 40115 (base 7) to base 15.
2ce5
-1565 (base 7) to base 5
-10020
-530 (base 8) to base 5
-2334
Convert -3242 (base 5) to base 15.
-1ec
What is 66b7 (base 12) in base 9?
16534
Convert 6774 (base 9) to base 6.
35104
Convert b63 (base 12) to base 4.
121323
-11023 (base 4) to base 2
-101001011
-2051 (base 6) to base 5
-3323
-8015 (base 9) to base 8
-13326
What is -12 (base 5) in base 11?
-7
1201 (base 6) to base 2
100100001
Convert 1001011112 (base 3) to base 13.
9467
2422 (base 6) to base 16
24e
What is 710 (base 8) in base 14?
248
34222 (base 6) to base 10
4838
-494 (base 16) to base 15
-532
Convert -2065 (base 8) to base 2.
-10000110101
-28b (base 15) to base 3
-210112
-3132 (base 4) to base 6
-1010
Convert 5541 (base 9) to base 10.
4087
2031 (base 5) to base 8
412
Convert 7db (base 14) to base 9.
2128
Convert -323223 (base 5) to base 7.
-44153
Convert 234101 (base 5) to base 12.
500b
Convert -2136 (base 10) to base 12.
-12a0
Convert 15402 (base 7) to base 15.
1429
Convert 110102 (base 3) to base 2.
101001111
320311 (base 4) to base 13
186a
What is -54363 (base 9) in base 5?
-2123041
What is 750 (base 8) in base 5?
3423
Convert -12022022 (base 3) to base 14.
-15a5
What is 2010121 (base 4) in base 8?
20431
-ca (base 14) to base 11
-152
Convert -12212 (base 7) to base 2.
-110001111010
Convert -1168 (base 12) to base 4.
-132200
-753 (base 9) to base 11
-50a
What is -10111011011000 (base 2) in base 5?
-340432
1011111111101010 (base 2) to base 4
23333222
What is -935 (base 11) in base 4?
-101213
Convert 7022 (base 11) to base 15.
2b7b
-31022120 (base 4) to base 8
-151230
Convert 2012102 (base 3) to base 9.
2172
Convert 57 (base 11) to base 9.
68
Convert 461 (base 10) to base 11.
38a
10102220 (base 4) to base 15
531b
What is -11315 (base 6) in base 11?
-1253
-1913 (base 12) to base 4
-233133
-2e0 (base 15) to base 5
-10120
2203 (base 4) to base 6
431
-714 (base 8) to base 11
-389
-7536 (base 9) to base 3
-21121020
Convert 2000112 (base 3) to base 7.
4202
-30312 (base 6) to base 13
-1a90
-11001010001101 (base 2) to base 4
-3022031
Convert -5548 (base 11) to base 4.
-1302100
6884 (base 9) to base 3
20222211
-1863 (base 11) to base 6
-14544
-211440 (base 5) to base 13
-3319
What is 22011000 (base 3) in base 9?
8130
Convert -1110010010010 (base 2) to base 11.
-554a
What is 10000010010110011 (base 2) in base 12?
32757
What is 2567 (base 16) in base 12?
565b
What is -4151 (base 14) in base 6?
-124015
What is 667 (base 10) in base 5?
10132
What is 2b0 (base 14) in base 4?
20202
What is -2708 (base 9) in base 11?
-1589
-143 (base 16) to base 12
-22b
What is -3665 (base 9) in base 7?
-10652
What is 2000210201 (base 3) in base 12?
1b154
What is -51214 (base 6) in base 5?
-204103
What is -101011 (base 3) in base 9?
-334
Convert -11030 (base 4) to base 10.
-332
Convert -2567 (base 8) to base 7.
-4036
Convert -7283 (base 11) to base 13.
-4514
1cf (base 16) to base 9
564
What is -3801 (base 9) in base 6?
-21044
1000111111000000 (base 2) to base 13
1399a
Convert b24 (base 15) to base 14.
cb3
2b6 (base 13) to base 6
2131
Convert 110110111000101 (base 2) to base 15.
84d6
What is -22102 (base 4) in base 15?
-2dd
Convert 3a2 (base 15) to base 11.
692
What is 2474 (base 8) in base 15?
5e5
What is -ab1 (base 14) in base 10?
-2115
What is 8481 (base 13) in base 2?
100011110110101
Convert 723 (base 8) to base 10.
467
Convert 29536 (base 12) to base 6.
1123310
What is 839c (base 16) in base 15?
9eb2
2090 (base 13) to base 3
20012002
Convert -1675 (base 8) to base 10.
-957
Convert -2698 (base 12) to base 13.
-2033
What is 595 (base 10) in base 8?
1123
5724 (base 8) to base 15
d6d
What is -24767 (base 8) in base 4?
-2213313
What is -16233 (base 7) in base 4?
-1013211
-3622 (base 8) to base 16
-792
What is -113100 (base 5) in base 9?
-5621
What is -14882 (base 9) in base 13?
-4847
31002 (base 4) to base 15
3a9
40022 (base 5) to base 13
11b3
Convert 3132 (base 5) to base 9.
513
1011100001 (base 2) to base 4
23201
-88d0 (base 16) to base 10
-35024
Convert -2b4 (base 13) to base 3.
-122222
1c6 (base 13) to base 2
101001011
What is -50388 (base 11) in base 2?
-10001111111000000
Convert -251f (base 16) to base 4.
-2110133
1213342 (base 5) to base 13
a5c1
11b3 (base 12) to base 10
2007
What is -1211110112 (base 3) in base 14?
-d1d9
Convert -503 (base 13) to base 6.
-3532
43540 (base 7) to base 16
2a9a
-75c (base 14) to base 4
-112232
-9d (base 16) to base 12
-111
Convert -470 (base 8) to base 15.
-15c
What is 1121001 (base 4) in base 9?
7730
What is -23177 (base 8) in base 2?
-10011001111111
-567 (base 11) to base 9
-833
-34334 (base 5) to base 11
-1945
339 (base 10) to base 2
101010011
Convert -10116 (base 7) to base 8.
-4637
Convert -4320 (base 7) to base 16.
-5fd
Convert -10100001 (base 2) to base 10.
-161
Convert -22010 (base 3) to base 13.
-13b
Convert 34533 (base 7) to base 3.
110010120
What is -10117 (base 11) in base 14?
-555a
What is 1600 (base 10) in base 11?
1225
What is -a26 (base 14) in base 2?
-11111001010
What is -2543 (base 15) in base 7?
-32100
What is -100010001011101 (base 2) in base 15?
-52bb
What is 7624 (base 8) in base 2?
111110010100
What is -11111011001100 (base 2) in base 6?
-202232
What is -26 (base 7) in base 16?
-14
What is -2221 (base 5) in base 8?
-467
Convert -2547 (base 12) to base 13.
-1c06
-1112 (base 8) to base 5
-4321
What is 1189 (base 11) in base 14?
7c9
Convert -233131 (base 5) to base 3.
-102201100
What is -12012020 (base 3) in base 9?
-5166
Convert 32f (base 16) to base 8.
1457
What is 522 (base 9) in base 13?
269
-135 (base 7) to base 3
-2210
What is -548 (base 13) in base 9?
-1215
-41444 (base 5) to base 8
-5275
370 (base 16) to base 2
1101110000
What is -1101000100010 (base 2) in base 4?
-1220202
-27a2 (base 12) to base 8
-10752
What is -1001000001 (base 3) in base 9?
-31001
Convert 412113 (base 5) to base 13.
6145
1ab02 (base 12) to base 14
1060a
-28cc (base 13) to base 12
-350a
What is -221200121 (base 3) in base 4?
-10210213
Convert -1102222 (base 3) to base 4.
-100130
Convert 354152 (base 6) to base 14.
b2ba
-1411421 (base 5) to base 4
-13010322
Convert 451 (base 11) to base 2.
1000011100
Convert 210 (base 12) to base 8.
454
What is -34143 (base 5) in base 12?
-149b
1021 (base 6) to base 12
171
50a (base 15) to base 14
5b1
What is ec (base 15) in base 7?
435
Convert -20 (base 11) to base 5.
-42
114314 (base 5) to base 6
32022
Convert 111220121 (base 3) to base 15.
3011
-1011001011 (base 2) to base 4
-23023
What is 4531 (base 6) in base 8?
2047
What is 101000001100 (base 2) in base 3?
10112021
What is 695 (base 10) in base 4?
22313
What is 50e (base 16) in base 2?
10100001110
What is -209 (base 15) in base 12?
-323
What is 21a8 (base 11) in base 3?
10222110
What is -133511 (base 7) in base 13?
-b687
What is bb31 (base 13) in base 5?
1313231
What is 3411 (base 6) in base 10?
799
Convert -3432 (base 5) to base 15.
-22c
-3441233 (base 5) to base 12
-2bb04
Convert 11110010011 (base 2) to base 12.
1157
Convert -2002200012 (base 3) to base 6.
-515135
Convert -78b (base 13) to base 16.
-512
Convert 192e (base 16) to 